{"id":13,"date":"2025-02-13T19:53:05","date_gmt":"2025-02-13T19:53:05","guid":{"rendered":"https:\/\/fpitsolutions.net\/?page_id=13"},"modified":"2025-02-26T20:53:29","modified_gmt":"2025-02-26T20:53:29","slug":"home","status":"publish","type":"page","link":"https:\/\/fpitsolutions.net\/","title":{"rendered":"Home"},"content":{"rendered":"\n<figure class=\"wp-block-video alignfull\"><video height=\"720\" style=\"aspect-ratio: 1280 \/ 720;\" width=\"1280\" autoplay loop src=\"https:\/\/fpitsolutions.net\/wp-content\/uploads\/2025\/02\/48420-453832153_tiny.mp4\"><\/video><\/figure>\n\n\n\n<div class=\"wp-block-group alignfull is-layout-constrained wp-container-core-group-is-layout-45b0ac4f wp-block-group-is-layout-constrained\" style=\"padding-top:144px;padding-bottom:0px\">\n<h2 class=\"wp-block-heading\"><mark style=\"background-color:rgba(0, 0, 0, 0)\" class=\"has-inline-color has-ast-global-color-4-color\">Nuestro Portafolio<\/mark><\/h2>\n\n\n\n<div class=\"wp-block-columns is-layout-flex wp-container-core-columns-is-layout-60cbf9bb wp-block-columns-is-layout-flex\" style=\"margin-top:50px\">\n<div class=\"wp-block-column is-layout-flow wp-container-core-column-is-layout-6b73ce23 wp-block-column-is-layout-flow\">\n<figure class=\"wp-block-image size-full\"><img fetchpriority=\"high\" decoding=\"async\" width=\"1024\" height=\"1024\" src=\"https:\/\/fpitsolutions.net\/wp-content\/uploads\/2025\/02\/DALL\u00b7E-2025-02-25-15.07.56-A-futuristic-technology-applications-scene-featuring-a-variety-of-digital-interfaces-mobile-and-web-apps-and-interconnected-smart-devices.-The-displ.webp\" alt=\"\" class=\"wp-image-128\" srcset=\"https:\/\/fpitsolutions.net\/wp-content\/uploads\/2025\/02\/DALL\u00b7E-2025-02-25-15.07.56-A-futuristic-technology-applications-scene-featuring-a-variety-of-digital-interfaces-mobile-and-web-apps-and-interconnected-smart-devices.-The-displ.webp 1024w, https:\/\/fpitsolutions.net\/wp-content\/uploads\/2025\/02\/DALL\u00b7E-2025-02-25-15.07.56-A-futuristic-technology-applications-scene-featuring-a-variety-of-digital-interfaces-mobile-and-web-apps-and-interconnected-smart-devices.-The-displ-300x300.webp 300w, https:\/\/fpitsolutions.net\/wp-content\/uploads\/2025\/02\/DALL\u00b7E-2025-02-25-15.07.56-A-futuristic-technology-applications-scene-featuring-a-variety-of-digital-interfaces-mobile-and-web-apps-and-interconnected-smart-devices.-The-displ-150x150.webp 150w, https:\/\/fpitsolutions.net\/wp-content\/uploads\/2025\/02\/DALL\u00b7E-2025-02-25-15.07.56-A-futuristic-technology-applications-scene-featuring-a-variety-of-digital-interfaces-mobile-and-web-apps-and-interconnected-smart-devices.-The-displ-768x768.webp 768w\" sizes=\"(max-width: 1024px) 100vw, 1024px\" \/><\/figure>\n\n\n\n<h3 class=\"wp-block-heading\" style=\"margin-top:16px\"><mark style=\"background-color:rgba(0, 0, 0, 0)\" class=\"has-inline-color has-ast-global-color-4-color\">Aplicaciones<\/mark><\/h3>\n\n\n\n<div class=\"wp-block-group is-layout-constrained wp-block-group-is-layout-constrained\">\n<p><mark style=\"background-color:rgba(0, 0, 0, 0)\" class=\"has-inline-color has-ast-global-color-3-color\">Desarrollo Web <\/mark><\/p>\n\n\n\n<p><mark style=\"background-color:rgba(0, 0, 0, 0)\" class=\"has-inline-color has-ast-global-color-3-color\">Desarrollo de Apps <\/mark><\/p>\n\n\n\n<p><mark style=\"background-color:rgba(0, 0, 0, 0)\" class=\"has-inline-color has-ast-global-color-3-color\">Testing de Aplicaciones<\/mark><\/p>\n<\/div>\n\n\n\n<p>&nbsp;<\/p>\n\n\n\n<p>&nbsp;<\/p>\n<\/div>\n\n\n\n<div class=\"wp-block-column is-layout-flow wp-container-core-column-is-layout-6b73ce23 wp-block-column-is-layout-flow\">\n<figure class=\"wp-block-image size-full\"><img decoding=\"async\" width=\"1024\" height=\"1024\" src=\"https:\/\/fpitsolutions.net\/wp-content\/uploads\/2025\/02\/DALL\u00b7E-2025-02-25-15.08.24-A-futuristic-technology-infrastructure-scene-with-glowing-blue-server-racks-fiber-optic-cables-and-a-high-tech-data-center.-The-environment-is-illum.webp\" alt=\"\" class=\"wp-image-130\" srcset=\"https:\/\/fpitsolutions.net\/wp-content\/uploads\/2025\/02\/DALL\u00b7E-2025-02-25-15.08.24-A-futuristic-technology-infrastructure-scene-with-glowing-blue-server-racks-fiber-optic-cables-and-a-high-tech-data-center.-The-environment-is-illum.webp 1024w, https:\/\/fpitsolutions.net\/wp-content\/uploads\/2025\/02\/DALL\u00b7E-2025-02-25-15.08.24-A-futuristic-technology-infrastructure-scene-with-glowing-blue-server-racks-fiber-optic-cables-and-a-high-tech-data-center.-The-environment-is-illum-300x300.webp 300w, https:\/\/fpitsolutions.net\/wp-content\/uploads\/2025\/02\/DALL\u00b7E-2025-02-25-15.08.24-A-futuristic-technology-infrastructure-scene-with-glowing-blue-server-racks-fiber-optic-cables-and-a-high-tech-data-center.-The-environment-is-illum-150x150.webp 150w, https:\/\/fpitsolutions.net\/wp-content\/uploads\/2025\/02\/DALL\u00b7E-2025-02-25-15.08.24-A-futuristic-technology-infrastructure-scene-with-glowing-blue-server-racks-fiber-optic-cables-and-a-high-tech-data-center.-The-environment-is-illum-768x768.webp 768w\" sizes=\"(max-width: 1024px) 100vw, 1024px\" \/><\/figure>\n\n\n\n<h3 class=\"wp-block-heading\" style=\"margin-top:16px\"><mark style=\"background-color:rgba(0, 0, 0, 0)\" class=\"has-inline-color has-ast-global-color-4-color\">Infraestructura<\/mark><\/h3>\n\n\n\n<div class=\"wp-block-group is-layout-constrained wp-block-group-is-layout-constrained\">\n<div class=\"wp-block-group is-layout-constrained wp-block-group-is-layout-constrained\">\n<p><mark style=\"background-color:rgba(0, 0, 0, 0)\" class=\"has-inline-color has-ast-global-color-3-color\">Servidores y Almacenamiento<\/mark><\/p>\n\n\n\n<p><mark style=\"background-color:rgba(0, 0, 0, 0)\" class=\"has-inline-color has-ast-global-color-3-color\">Redes de Borde y Centro de Datos<\/mark><\/p>\n\n\n\n<p><mark style=\"background-color:rgba(0, 0, 0, 0)\" class=\"has-inline-color has-ast-global-color-3-color\">Microinform\u00e1tica<\/mark><\/p>\n\n\n\n<p><mark style=\"background-color:rgba(0, 0, 0, 0)\" class=\"has-inline-color has-ast-global-color-3-color\">Racks \/ UPS \/ Cableado Estructurado<\/mark><\/p>\n<\/div>\n<\/div>\n<\/div>\n\n\n\n<div class=\"wp-block-column is-layout-flow wp-container-core-column-is-layout-6b73ce23 wp-block-column-is-layout-flow\">\n<figure class=\"wp-block-image size-full\"><img decoding=\"async\" width=\"1024\" height=\"1024\" src=\"https:\/\/fpitsolutions.net\/wp-content\/uploads\/2025\/02\/openart-image_z2t5C0Cp_1740514895137_raw.jpg\" alt=\"\" class=\"wp-image-131\" srcset=\"https:\/\/fpitsolutions.net\/wp-content\/uploads\/2025\/02\/openart-image_z2t5C0Cp_1740514895137_raw.jpg 1024w, https:\/\/fpitsolutions.net\/wp-content\/uploads\/2025\/02\/openart-image_z2t5C0Cp_1740514895137_raw-300x300.jpg 300w, https:\/\/fpitsolutions.net\/wp-content\/uploads\/2025\/02\/openart-image_z2t5C0Cp_1740514895137_raw-150x150.jpg 150w, https:\/\/fpitsolutions.net\/wp-content\/uploads\/2025\/02\/openart-image_z2t5C0Cp_1740514895137_raw-768x768.jpg 768w\" sizes=\"(max-width: 1024px) 100vw, 1024px\" \/><\/figure>\n\n\n\n<h3 class=\"wp-block-heading\" style=\"margin-top:16px\"><mark style=\"background-color:rgba(0, 0, 0, 0)\" class=\"has-inline-color has-ast-global-color-4-color\">Servicios<\/mark><\/h3>\n\n\n\n<div class=\"wp-block-group is-layout-constrained wp-block-group-is-layout-constrained\">\n<p><mark style=\"background-color:rgba(0, 0, 0, 0)\" class=\"has-inline-color has-ast-global-color-3-color\">Ciberseguridad <\/mark><mark style=\"background-color:rgba(0, 0, 0, 0)\" class=\"has-inline-color has-ast-global-color-6-color\">(<a href=\"https:\/\/sparkfound.tech\/es\/\" data-type=\"link\" data-id=\"https:\/\/sparkfound.tech\/es\/\">Sparkfound<\/a>)<\/mark><\/p>\n\n\n\n<p><mark style=\"background-color:rgba(0, 0, 0, 0)\" class=\"has-inline-color has-ast-global-color-3-color\">Instalaci\u00f3n y Configuraci\u00f3n de infrastructura <\/mark><\/p>\n<\/div>\n<\/div>\n<\/div>\n<\/div>\n\n\n\n<div class=\"wp-block-group alignfull is-layout-constrained wp-container-core-group-is-layout-3fee123f wp-block-group-is-layout-constrained\" style=\"padding-top:144px;padding-bottom:144px\">\n<h2 class=\"wp-block-heading\"><mark style=\"background-color:rgba(0, 0, 0, 0)\" class=\"has-inline-color has-ast-global-color-4-color\">\u00bfPor qu\u00e9 elegirnos?<\/mark><\/h2>\n\n\n\n<div class=\"wp-block-columns is-layout-flex wp-container-core-columns-is-layout-29aadeec wp-block-columns-is-layout-flex\" style=\"margin-top:60px\">\n<div class=\"wp-block-column is-layout-flow wp-container-core-column-is-layout-6b73ce23 wp-block-column-is-layout-flow\">\n<figure class=\"wp-block-image size-large\"><img decoding=\"async\" src=\"https:\/\/fpitsolutions.net\/wp-content\/themes\/astra\/inc\/assets\/images\/starter-content\/passionate.svg\" alt=\"\" class=\"wp-image-162\"\/><\/figure>\n\n\n\n<h3 class=\"wp-block-heading\" style=\"margin-top:16px\"><mark style=\"background-color:rgba(0, 0, 0, 0)\" class=\"has-inline-color has-ast-global-color-4-color\">Pasi\u00f3n<\/mark><\/h3>\n\n\n\n<p><mark style=\"background-color:rgba(0, 0, 0, 0)\" class=\"has-inline-color has-ast-global-color-3-color\">Nuestra compa\u00f1ia tiene un amor genuino por la tecnologia y tambien todo esto es familiar es para demostrar nuestro gran amor a la tecnologia.<\/mark><\/p>\n<\/div>\n\n\n\n<div class=\"wp-block-column is-layout-flow wp-container-core-column-is-layout-6b73ce23 wp-block-column-is-layout-flow\">\n<figure class=\"wp-block-image size-large\"><img decoding=\"async\" src=\"https:\/\/fpitsolutions.net\/wp-content\/themes\/astra\/inc\/assets\/images\/starter-content\/professional.svg\" alt=\"\" class=\"wp-image-163\"\/><\/figure>\n\n\n\n<h3 class=\"wp-block-heading\" style=\"margin-top:16px\"><mark style=\"background-color:rgba(0, 0, 0, 0)\" class=\"has-inline-color has-ast-global-color-4-color\">Profesionalismo<\/mark><\/h3>\n\n\n\n<p><mark style=\"background-color:rgba(0, 0, 0, 0)\" class=\"has-inline-color has-ast-global-color-3-color\">Contamos con m\u00e1s de 20 a\u00f1os en Especialista en Gesti\u00f3n de Producto y Marca, Preventa y Ventas y con un amor a la tecnologia.<\/mark><\/p>\n<\/div>\n\n\n\n<div class=\"wp-block-column is-layout-flow wp-container-core-column-is-layout-6b73ce23 wp-block-column-is-layout-flow\">\n<figure class=\"wp-block-image size-large\"><img decoding=\"async\" src=\"https:\/\/fpitsolutions.net\/wp-content\/themes\/astra\/inc\/assets\/images\/starter-content\/support.svg\" alt=\"\" class=\"wp-image-164\"\/><\/figure>\n\n\n\n<h3 class=\"wp-block-heading\" style=\"margin-top:16px\"><mark style=\"background-color:rgba(0, 0, 0, 0)\" class=\"has-inline-color has-ast-global-color-4-color\">Soporte<\/mark><\/h3>\n\n\n\n<p><mark style=\"background-color:rgba(0, 0, 0, 0)\" class=\"has-inline-color has-ast-global-color-3-color\">FPIT Solutions ser\u00e1 responsable de proveer las herramientas necesarias para su instalaci\u00f3n,as\u00ed como para etiquetar y montar los cables en los racks.<\/mark><\/p>\n<\/div>\n<\/div>\n<\/div>\n\n\n\n<p>&nbsp;<\/p>\n\n\n\n<div class=\"wp-block-cover alignfull\" style=\"min-height:260px;aspect-ratio:unset;\"><span aria-hidden=\"true\" class=\"wp-block-cover__background has-background-dim\"><\/span><img loading=\"lazy\" decoding=\"async\" width=\"318\" height=\"80\" class=\"wp-block-cover__image-background wp-image-158\" alt=\"\" src=\"https:\/\/fpitsolutions.net\/wp-content\/uploads\/2025\/02\/celeste-rectangulo-e1740589653722.jpeg\" data-object-fit=\"cover\" srcset=\"https:\/\/fpitsolutions.net\/wp-content\/uploads\/2025\/02\/celeste-rectangulo-e1740589653722.jpeg 318w, https:\/\/fpitsolutions.net\/wp-content\/uploads\/2025\/02\/celeste-rectangulo-e1740589653722-300x75.jpeg 300w\" sizes=\"(max-width: 318px) 100vw, 318px\" \/><div class=\"wp-block-cover__inner-container is-layout-flow wp-block-cover-is-layout-flow\">\n<div class=\"wp-block-buttons alignwide is-content-justification-center is-layout-flex wp-container-core-buttons-is-layout-a89b3969 wp-block-buttons-is-layout-flex\">\n<div class=\"wp-block-button is-style-outline is-style-outline--1\"><a class=\"wp-block-button__link has-text-align-center wp-element-button\"> Contactanos<\/a><\/div>\n<\/div>\n<\/div><\/div>\n\n\n\n<p><\/p>\n","protected":false},"excerpt":{"rendered":"<p>Nuestro Portafolio Aplicaciones Desarrollo Web Desarrollo de Apps Testing de Aplicaciones &nbsp; &nbsp; Infraestructura Servidores y Almacenamiento Redes de Borde [&hellip;]<\/p>\n","protected":false},"author":1,"featured_media":0,"parent":0,"menu_order":0,"comment_status":"closed","ping_status":"closed","template":"","meta":{"site-sidebar-layout":"no-sidebar","site-content-layout":"plain-container","ast-site-content-layout":"default","site-content-style":"default","site-sidebar-style":"default","ast-global-header-display":"","ast-banner-title-visibility":"","ast-main-header-display":"","ast-hfb-above-header-display":"","ast-hfb-below-header-display":"","ast-hfb-mobile-header-display":"","site-post-title":"disabled","ast-breadcrumbs-content":"","ast-featured-img":"","footer-sml-layout":"","ast-disable-related-posts":"","theme-transparent-header-meta":"enabled","adv-header-id-meta":"","stick-header-meta":"","header-above-stick-meta":"","header-main-stick-meta":"","header-below-stick-meta":"","astra-migrate-meta-layouts":"default","ast-page-background-enabled":"default","ast-page-background-meta":{"desktop":{"background-color":"var(--ast-global-color-5)","background-image":"","background-repeat":"repeat","background-position":"center center","background-size":"auto","background-attachment":"scroll","background-type":"","background-media":"","overlay-type":"","overlay-color":"","overlay-opacity":"","overlay-gradient":""},"tablet":{"background-color":"","background-image":"","background-repeat":"repeat","background-position":"center center","background-size":"auto","background-attachment":"scroll","background-type":"","background-media":"","overlay-type":"","overlay-color":"","overlay-opacity":"","overlay-gradient":""},"mobile":{"background-color":"","background-image":"","background-repeat":"repeat","background-position":"center center","background-size":"auto","background-attachment":"scroll","background-type":"","background-media":"","overlay-type":"","overlay-color":"","overlay-opacity":"","overlay-gradient":""}},"ast-content-background-meta":{"desktop":{"background-color":"var(--ast-global-color-4)","background-image":"","background-repeat":"repeat","background-position":"center center","background-size":"auto","background-attachment":"scroll","background-type":"","background-media":"","overlay-type":"","overlay-color":"","overlay-opacity":"","overlay-gradient":""},"tablet":{"background-color":"var(--ast-global-color-4)","background-image":"","background-repeat":"repeat","background-position":"center center","background-size":"auto","background-attachment":"scroll","background-type":"","background-media":"","overlay-type":"","overlay-color":"","overlay-opacity":"","overlay-gradient":""},"mobile":{"background-color":"var(--ast-global-color-4)","background-image":"","background-repeat":"repeat","background-position":"center center","background-size":"auto","background-attachment":"scroll","background-type":"","background-media":"","overlay-type":"","overlay-color":"","overlay-opacity":"","overlay-gradient":""}},"footnotes":""},"class_list":["post-13","page","type-page","status-publish","hentry"],"_links":{"self":[{"href":"https:\/\/fpitsolutions.net\/index.php?rest_route=\/wp\/v2\/pages\/13","targetHints":{"allow":["GET"]}}],"collection":[{"href":"https:\/\/fpitsolutions.net\/index.php?rest_route=\/wp\/v2\/pages"}],"about":[{"href":"https:\/\/fpitsolutions.net\/index.php?rest_route=\/wp\/v2\/types\/page"}],"author":[{"embeddable":true,"href":"https:\/\/fpitsolutions.net\/index.php?rest_route=\/wp\/v2\/users\/1"}],"replies":[{"embeddable":true,"href":"https:\/\/fpitsolutions.net\/index.php?rest_route=%2Fwp%2Fv2%2Fcomments&post=13"}],"version-history":[{"count":46,"href":"https:\/\/fpitsolutions.net\/index.php?rest_route=\/wp\/v2\/pages\/13\/revisions"}],"predecessor-version":[{"id":184,"href":"https:\/\/fpitsolutions.net\/index.php?rest_route=\/wp\/v2\/pages\/13\/revisions\/184"}],"wp:attachment":[{"href":"https:\/\/fpitsolutions.net\/index.php?rest_route=%2Fwp%2Fv2%2Fmedia&parent=13"}],"curies":[{"name":"wp","href":"https:\/\/api.w.org\/{rel}","templated":true}]}}